 highest common factor of 58060 and 60?
20
What is the greatest common factor of 10492789 and 101?
101
Calculate the highest common factor of 530 and 274646.
106
What is the highest common factor of 6160 and 2555?
35
Calculate the highest common divisor of 4103 and 8327.
11
What is the greatest common divisor of 345 and 4185885?
345
What is the greatest common factor of 4 and 246?
2
Calculate the highest common factor of 272 and 548964.
68
Calculate the highest common factor of 32071 and 2.
1
Calculate the highest common factor of 15110 and 20.
10
What is the highest common factor of 142 and 672086?
142
What is the highest common divisor of 210269 and 283?
283
What is the greatest common factor of 3 and 102900?
3
Calculate the greatest common factor of 2806 and 6.
2
What is the greatest common divisor of 306737 and 101?
101
What is the highest common divisor of 2616095 and 5?
5
What is the highest common factor of 708 and 983884?
236
What is the greatest common factor of 33 and 416163?
33
What is the highest common divisor of 227784 and 36?
12
What is the greatest common divisor of 532665 and 1463?
133
Calculate the greatest common divisor of 15375 and 250.
125
What is the highest common divisor of 19131 and 30?
3
What is the highest common factor of 6440 and 16492?
28
What is the greatest common divisor of 2932290 and 310?
310
Calculate the highest common divisor of 122880 and 120.
120
What is the greatest common divisor of 725 and 9325?
25
What is the highest common factor of 1002 and 67098?
6
What is the highest common divisor of 14 and 4912026?
14
What is the highest common factor of 1518 and 253?
253
Calculate the highest common divisor of 762756 and 884.
68
What is the greatest common factor of 14310 and 2915?
265
What is the greatest common divisor of 7545942 and 2412?
1206
Calculate the greatest common factor of 112398 and 1716.
858
What is the greatest common factor of 4401 and 7614?
27
Calculate the highest common factor of 8519856 and 136.
136
What is the highest common factor of 11500510 and 38?
38
What is the greatest common factor of 21164 and 143?
143
Calculate the highest common factor of 6690 and 765.
15
What is the highest common factor of 1500195 and 927?
309
Calculate the greatest common factor of 2130 and 25050.
30
Calculate the greatest common divisor of 30 and 839004.
6
What is the greatest common divisor of 4936247 and 526?
263
Calculate the greatest common factor of 144 and 17104.
16
Calculate the greatest common divisor of 4 and 653876.
4
What is the highest common divisor of 30 and 1162470?
30
Calculate the highest common factor of 781 and 1314423.
781
Calculate the highest common divisor of 24615 and 5571.
9
What is the greatest common factor of 42 and 311514?
42
Calculate the greatest common divisor of 300 and 3694700.
100
Calculate the greatest common factor of 91361 and 1133.
103
Calculate the highest common divisor of 952 and 3706.
34
Calculate the greatest common factor of 3099 and 3606203.
1033
Calculate the greatest common factor of 10575 and 63.
9
Calculate the greatest common divisor of 7983 and 153.
9
What is the highest common divisor of 321 and 83246?
107
What is the highest common factor of 33 and 200355?
3
What is the highest common factor of 184 and 24208?
8
Calculate the highest common divisor of 7928 and 216.
8
What is the greatest common factor of 3131790 and 24?
6
Calculate the highest common factor of 1329306 and 726.
726
What is the highest common divisor of 10815 and 525?
105
Calculate the highest common divisor of 7 and 933443.
7
What is the greatest common divisor of 780905 and 470?
235
What is the highest common divisor of 6264432 and 16?
16
What is the highest common divisor of 50484 and 98?
14
Calculate the greatest common factor of 516 and 11364.
12
What is the highest common factor of 7458 and 162?
6
Calculate the highest common factor of 27738 and 1005.
201
What is the greatest common factor of 2730 and 8268?
78
Calculate the highest common divisor of 34 and 22457.
17
What is the highest common divisor of 394464 and 63?
21
Calculate the greatest common divisor of 22408 and 48.
8
Calculate the greatest common divisor of 310 and 37634.
62
Calculate the greatest common divisor of 1184 and 5544.
8
What is the greatest common factor of 12 and 89763?
3
What is the greatest common divisor of 6882 and 50592?
186
Calculate the highest common divisor of 255 and 184875.
255
Calculate the highest common divisor of 19 and 487787.
19
Calculate the greatest common factor of 2176 and 4608.
128
Calculate the highest common divisor of 8 and 172088.
8
What is the highest common factor of 3780 and 41940?
180
Calculate the greatest common factor of 1046311 and 133.
133
Calculate the greatest common divisor of 21 and 198051.
21
Calculate the highest common factor of 188361 and 9.
9
Calculate the greatest common divisor of 102 and 2036464.
34
Calculate the greatest common divisor of 554154 and 114.
114
What is the greatest common divisor of 240 and 6640?
80
What is the greatest common factor of 33195 and 405?
15
Calculate the highest common factor of 314149 and 1045.
11
Calculate the highest common divisor of 2959 and 282988.
269
Calculate the greatest common factor of 156832 and 832.
416
Calculate the highest common factor of 680104 and 4228.
604
What is the greatest common factor of 1890 and 10566?
18
Calculate the highest common factor of 88234 and 628.
314
Calculate the highest common divisor of 178721 and 17.
17
Calculate the highest common divisor of 1316 and 466522.
658
What is the highest common divisor of 1400860 and 445?
445
Calculate the highest common factor of 26 and 372749.
13
What is the greatest common divisor of 367416 and 189?
189
What is the greatest common factor of 110061 and 189?
63
Calculate the greatest common divisor of 305687 and 43.
43
Calculate the greatest common factor of 8 and 44072.
8
What is the greatest common divisor of 3506743 and 17?
17
What is the highest common divisor of 103572 and 24?
12
Calculate the highest common factor of 10 and 2681710.
10
What is the highest common factor of 525588 and 252?
84
What is the greatest common factor of 16016 and 1729?
91
Calculate the highest common factor of 41742 and 378.
54
What is the highest common divisor of 19809 and 45369?
639
Calculate the highest common divisor of 19395 and 1080.
45
What is the highest common divisor of 16376 and 14240?
712
What is the greatest common divisor of 2709 and 4599?
63
What is the highest common divisor of 650 and 750?
50
Calculate the greatest common divisor of 1610 and 79856.
322
What is the greatest common factor of 1394 and 8500?
34
Calculate the greatest common divisor of 7712 and 80.
16
What is the highest common divisor of 1261 and 637?
13
What is the highest common factor of 76743 and 27?
9
Calculate the greatest common factor of 1834 and 574.
14
Calculate the highest common divisor of 215640 and 45.
45
Calculate the greatest common factor of 188 and 155899.
47
Calculate the greatest common divisor of 1047045 and 1740.
435
What is the greatest common factor of 2497490 and 30?
10
What is the greatest common factor of 900 and 115650?
450
What is the highest common divisor of 6 and 37299?
3
What is the greatest common factor of 286596 and 114?
114
What is the highest common divisor of 4399 and 106?
53
Calculate the greatest common factor of 238 and 31546186.
238
Calculate the greatest common factor of 12632 and 1232.
8
What is the highest common divisor of 120162 and 63?
21
What is the greatest common factor of 516413 and 101?
101
Calculate the highest common factor of 592705 and 85.
85
Calculate the highest common factor of 694 and 235.
1
Calculate the highest common factor of 89 and 357157.
89
What is the greatest common factor of 10089 and 18?
9
Calculate the greatest common factor of 238 and 171122.
238
Calculate the highest common factor of 49729 and 3122.
223
Calculate the greatest common factor of 31296 and 18.
6
Calculate the highest common factor of 229806 and 306.
306
Calculate the highest common divisor of 141 and 35203.
47
Calculate the highest common divisor of 157640 and 686.
14
Calculate the greatest common factor of 15301 and 1287.
143
Calculate the highest common factor 